 remainder when x is divided by 15?
13
Let q = 20 - 16. Let k = 35 - 20. Calculate the remainder when k is divided by q.
3
Suppose 2*p - 675 = -3*p. What is the remainder when p is divided by (-1824)/(-54) - (-4)/18?
33
Let k be (-1485)/20 + 2/8. Let d = k + 103. What is the remainder when d is divided by 10?
9
Suppose 3*w = 2*w + 7. Suppose 6*k - 4*k = 16. Calculate the remainder when (22/8)/(2/k) is divided by w.
4
Let u = -7 - -49. Calculate the remainder when u is divided by 15.
12
Suppose -144 = -3*b + 69. Calculate the remainder when b is divided by 24.
23
Let v be 2/(-2) - -2*13. Let m be ((-90)/v)/((-3)/20). Suppose -4*s + m = -8. What is the remainder when 15 is divided by s?
7
Let r(q) = 4*q**2 - 6*q - 4. Let g be r(-5). Suppose -b - 2*b = -g. What is the remainder when b is divided by 22?
20
Let v = 28 - -13. Calculate the remainder when 162 is divided by v.
39
Suppose 3*z = -2*g + 13, z + 12 = 3*z + 3*g. Suppose 0*c - 36 = -4*c. Calculate the remainder when (-11)/(-3) + 3/c is divided by z.
1
Let y be -1 - 1 - 0 - 2. Let r = -8 - y. Let p = r - -7. What is the remainder when 7 is divided by p?
1
Let t = 156 + -235. Let v = t + 131. Let k(w) = -w**3 + 8*w**2 - 9*w. Calculate the remainder when v is divided by k(6).
16
Let g = 56 - 36. Calculate the remainder when 57 is divided by g.
17
Suppose 0 = -4*v - 10*v + 560. Suppose -24 - 18 = -2*k. What is the remainder when v is divided by k?
19
Suppose 3*v = 6*v - 15. Let s(k) = 10*k**2 - 18*k. Let a(x) = -3*x**2 + 6*x. Let b(i) = 7*a(i) + 2*s(i). What is the remainder when 9 is divided by b(v)?
4
Suppose r - 23 = 2. Suppose 8 + 13 = 2*m - 5*d, 37 = 3*m - 2*d. Calculate the remainder when r is divided by m.
12
Suppose 3 + 0 = o. Suppose 0 = -o*n + 1 - 4. What is the remainder when 21 is divided by (-4 + 28)*n/(-3)?
5
Let a(m) = m + 1. Suppose -15 = -5*k + 2*k. Calculate the remainder when 15 is divided by a(k).
3
Let h(z) = z**3 + 8*z**2 + 6*z + 7. Calculate the remainder when 125 is divided by h(-7).
13
Suppose 4*i - 10 = -26. Let h(f) be the third derivative of -f**4/12 - 5*f**3/6 + f**2. Calculate the remainder when 5 is divided by h(i).
2
Let w(r) = -r + 18. Let g be (1 + -3)/(4/(-10)). Suppose g*b - 69 + 19 = 0. Calculate the remainder when w(0) is divided by b.
8
Suppose i - 56 + 10 = 0. What is the remainder when i is divided by (-141)/(-12) - -1 - 6/8?
10
Suppose -18 = -4*y + 46. What is the remainder when y is divided by 9?
7
Let z(h) = 11*h**3 - 2*h + 1. Suppose 95 = 3*x + 2*x. What is the remainder when x is divided by z(1)?
9
Let o(t) = -t**3 - 5*t**2 - 5*t - 6. Let i be o(-4). Let q = 1 + -5. Calculate the remainder when 19 is divided by (i - q)*(-7)/(-2).
5
Let h(a) = 2*a**2 - a - 2. Let r be h(-3). Let f = r - 8. What is the remainder when 19 is divided by f?
8
Suppose y - 26 = -2*d - 6, 3*y = -2*d + 52. Let s = 29 - y. Calculate the remainder when s is divided by 5.
3
Suppose -2*w = 5*a + 114, 0 = 2*a - 5*w + 12 + 22. Let y = 19 + -32. Let u = y - a. What is the remainder when u is divided by 5?
4
Let c = 55 + -34. Suppose -c = -4*k - 5. What is the remainder when 7 is divided by k?
3
Let x(k) = 11*k - 1. Let q be x(-2). Let p = q + 37. Calculate the remainder when p is divided by 5.
4
Let a(z) be the second derivative of 17*z**3/6 - 3*z**2 - 2*z. What is the remainder when a(4) is divided by 21?
20
Suppose 0 = 4*s - 8. Suppose -s*k - 3 + 15 = 0. What is the remainder when k is divided by 3?
0
Let u(b) = -b**3 - 4*b**2 + 6*b - 5. Let x be u(-5). Let v = x + 5. Let n(q) = q**2 + q - 1. Calculate the remainder when n(v) is divided by 10.
9
Let u = 19 + -16. What is the remainder when (6/4)/(3/16) is divided by u?
2
Suppose -2*o = -x - 55, -o + 199 = -0*x - 4*x. Let k = -185 + 113. Let c = x - k. What is the remainder when c is divided by 8?
7
Let p = 5 - 2. Let l be 0 - -3*(9 - 1). Suppose b = -2*q - 4*b + 6, 0 = -4*q - 4*b + l. What is the remainder when q is divided by p?
2
Suppose -2*h - 4*f + 16 = 0, 4*f + 14 = h - 0*h. Calculate the remainder when 19 is divided by h.
9
Let d(n) = 3*n - 3 + 3 + 0*n. Let h be d(-2). Calculate the remainder when 5 - (-3)/((-9)/h) is divided by 2.
1
Suppose -j - 9 + 11 = 0. Calculate the remainder when 33 is divided by 14 - (j + -3 + 3).
9
Calculate the remainder when 2 + (-3)/6 + 170/4 is divided by 9.
8
Let u be 270/12 - 2/(-4). Let i = u + -15. Suppose 4*q - i = 2*q. What is the remainder when q is divided by 2?
0
Let q(z) = -z**2 + 11*z + 13. Calculate the remainder when 122 is divided by q(9).
29
Let d(t) = -t**2 - 11*t - 8. Let k be d(-9). Suppose -2*v + 2*f = -k - 6, -3*f + 15 = 0. Calculate the remainder when 47 is divided by v.
8
Let r(v) = v**3 + 5*v**2 + 4*v + 4. Let a be r(-4). Suppose -5*d + s = -0*s - 4, 4 = a*s. Calculate the remainder when 2 is divided by d.
0
Let f(h) = -10 + 2 + h + 2. Let x be f(5). What is the remainder when 42 - (-3 - 1 - x) is divided by 12?
9
Let p(w) = w**2 + 4*w + 4. Let s be p(-4). Suppose -s*v + 108 = -0*v. Calculate the remainder when v is divided by 6.
3
Calculate the remainder when 0 - (-4)/18 - (-2300)/18 is divided by 43.
42
Let o(l) = 3*l**2 + 10*l + 9. What is the remainder when o(-6) is divided by 30?
27
Suppose 0*n - 39 = -4*q - 3*n, -q = n - 9. Calculate the remainder when 71 is divided by q.
11
Suppose -6*g = -7*g + 9. Let x(z) = -2*z + 5. Calculate the remainder when g/45 - 578/(-10) is divided by x(-5).
13
Let r = -8 + 25. Calculate the remainder when 30 is divided by r.
13
Let a(p) = p - 3. Let k be a(3). Suppose -t - t + 10 = k. What is the remainder when (2/(-6))/(1/(-39)) is divided by t?
3
Let u = 40 + -4. Calculate the remainder when u is divided by 19.
17
Suppose -3*s = -d + 2*s + 39, 3 = -3*s. Suppose 2*k + d = 3*k. Calculate the remainder when k is divided by 12.
10
Let i(x) = x**3 - 14*x**2 + 9*x + 3. Let u(y) = -2*y**3 + 28*y**2 - 17*y - 7. Let s(k) = -5*i(k) - 2*u(k). Calculate the remainder when s(13) is divided by 9.
7
Suppose 0 = -4*x + x + 12, 2*x = 5*j - 17. Let b(d) = -4*d + 1. What is the remainder when b(-2) is divided by j?
4
Suppose 5*d - 14*d + 180 = 0. What is the remainder when 197 is divided by d?
17
What is the remainder when (1/(-2))/(3/(-60)) is divided by 4?
2
Let d be 2/20*4*20. Suppose -2*r + d*a - 3*a = -34, 0 = 2*r + a - 46. Calculate the remainder when r is divided by 3/12 + 62/8.
6
Let j be (-42)/10 + (-3)/(-15). Let c = 10 + j. Let z = c + 4. Calculate the remainder when 29 is divided by z.
9
Suppose -a + 57 = 5*n, -n - 4*a - 36 = -5*n. Let q = -3 + 34. What is the remainder when q is divided by n?
9
Suppose -6*q + 3*q = -99. Let g = q + -12. Calculate the remainder when 40 is divided by g.
19
Suppose 9*h + 117 = 10*h. What is the remainder when h is divided by 12?
9
Suppose 34 = -0*j + 2*j. Calculate the remainder when j is divided by 9.
8
Suppose -3*u + 60 = -54. Suppose 3*v = u + 40. Calculate the remainder when v is divided by 15.
11
Suppose 0 = -2*c - 10, -133 = -3*h - c + 15. Calculate the remainder when h is divided by 19.
13
Suppose 3 = f - p + 1, 0 = -3*f + p + 10. Calculate the remainder when f is divided by 2.
0
Let a = 47 - 18. What is the remainder when a is divided by 16?
13
Suppose -5*h + 147 = -118. What is the remainder when h is divided by 14?
11
Suppose 0*b + 2*b - 53 = -y, 3*b - 78 = -y. Calculate the remainder when b is divided by 15.
10
Suppose -4*g - 2*o = -12, 4*g + o + 3 = 13. What is the remainder when 0 - -1 - (-5 - -2) is divided by g?
0
Let d be (1 - 0) + 2*2. Let i = d + 2. Calculate the remainder when i is divided by 2.
1
Suppose s + s = -x, -3*x = -2*s + 8. Calculate the remainder when 76 is divided by (28 - 2/1)*s.
24
Let u be (-7)/((-28)/8) - 6. Calculate the remainder when 28 is divided by (-266)/(-18) + u/(-18).
13
Let j = 6 - 4. Suppose j*d + 10 = 0, -5*d - 28 = 3*v - 4*v. Calculate the remainder when 9 is divided by v.
0
Suppose f - 14 = 7. What is the remainder when 60 is divided by f?
18
Suppose -1 = -5*p + 4. Suppose 0 = -3*q + p + 131. Let v(y) = -4*y + 3. Calculate the remainder when q is divided by v(-3).
14
Let z be (27 + 1)*(-1)/(-2). Let p = 23 - z. What is the remainder when p is divided by 3?
0
Suppose 2*x + 21 = 3*x. Let i = 12 + x. Suppose 0 = -2*p + 37 - 3. Calculate the remainder when i is d